the ten thousands digit of 56946?
5
What is the hundreds digit of 21831?
8
What is the units digit of 829?
9
What is the tens digit of 23509?
0
What is the ten thousands digit of 99500?
9
What is the tens digit of 117793?
9
What is the units digit of 360?
0
What is the tens digit of 65369?
6
What is the thousands digit of 4914?
4
What is the thousands digit of 1618?
1
What is the hundreds digit of 53821?
8
What is the units digit of 17271?
1
What is the thousands digit of 1288?
1
What is the units digit of 42558?
8
What is the ten thousands digit of 15517?
1
What is the hundreds digit of 52964?
9
What is the tens digit of 771?
7
What is the hundreds digit of 1415?
4
What is the units digit of 11951?
1
What is the tens digit of 3994?
9
What is the thousands digit of 1654?
1
What is the units digit of 564?
4
What is the thousands digit of 7566?
7
What is the hundreds digit of 2034?
0
What is the tens digit of 1856?
5
What is the units digit of 2118?
8
What is the tens digit of 1417?
1
What is the units digit of 15838?
8
What is the tens digit of 3343?
4
What is the thousands digit of 10488?
0
What is the hundreds digit of 350?
3
What is the thousands digit of 34637?
4
What is the hundreds digit of 1249?
2
What is the hundreds digit of 11073?
0
What is the hundreds digit of 146?
1
What is the units digit of 3500?
0
What is the hundreds digit of 489?
4
What is the hundreds digit of 859?
8
What is the thousands digit of 6415?
6
What is the ten thousands digit of 87769?
8
What is the hundreds digit of 599?
5
What is the thousands digit of 3795?
3
What is the thousands digit of 138718?
8
What is the ten thousands digit of 44752?
4
What is the thousands digit of 2278?
2
What is the tens digit of 22499?
9
What is the hundreds digit of 2274?
2
What is the units digit of 5763?
3
What is the hundreds digit of 1117?
1
What is the ten thousands digit of 62868?
6
What is the tens digit of 30354?
5
What is the hundreds digit of 55490?
4
What is the units digit of 193?
3
What is the hundreds digit of 596?
5
What is the tens digit of 1486?
8
What is the hundreds digit of 4213?
2
What is the hundreds digit of 18117?
1
What is the units digit of 1391?
1
What is the hundred thousands digit of 145281?
1
What is the hundreds digit of 126?
1
What is the thousands digit of 83629?
3
What is the tens digit of 415?
1
What is the thousands digit of 2183?
2
What is the tens digit of 13150?
5
What is the hundreds digit of 32509?
5
What is the hundreds digit of 752?
7
What is the units digit of 1652?
2
What is the units digit of 15425?
5
What is the thousands digit of 2940?
2
What is the ten thousands digit of 38226?
3
What is the units digit of 16508?
8
What is the units digit of 4685?
5
What is the units digit of 14598?
8
What is the thousands digit of 1853?
1
What is the hundreds digit of 1034?
0
What is the tens digit of 10759?
5
What is the thousands digit of 1396?
1
What is the tens digit of 28322?
2
What is the units digit of 732?
2
What is the hundreds digit of 2051?
0
What is the thousands digit of 33611?
3
What is the hundreds digit of 12377?
3
What is the hundreds digit of 30499?
4
What is the ten thousands digit of 29096?
2
What is the units digit of 7982?
2
What is the tens digit of 1369?
6
What is the thousands digit of 33810?
3
What is the units digit of 1114?
4
What is the tens digit of 930?
3
What is the ten thousands digit of 12603?
1
What is the hundreds digit of 153?
1
What is the units digit of 11327?
7
What is the units digit of 647?
7
What is the tens digit of 1037?
3
What is the units digit of 12084?
4
What is the units digit of 5790?
0
What is the units digit of 17288?
8
What is the hundreds digit of 38945?
9
What is the tens digit of 9828?
2
What is the thousands digit of 53173?
3
What is the tens digit of 4134?
3
What is the units digit of 25917?
7
What is the thousands digit of 23806?
3
What is the thousands digit of 6700?
6
What is the ten thousands digit of 65905?
6
What is the hundreds digit of 5327?
3
What is the hundreds digit of 457?
4
What is the units digit of 4954?
4
What is the units digit of 601?
1
What is the hundreds digit of 768?
7
What is the units digit of 3838?
8
What is the tens digit of 722?
2
What is the tens digit of 33926?
2
What is the hundreds digit of 1096?
0
What is the tens digit of 2117?
1
What is the units digit of 58637?
7
What is the thousands digit of 2308?
2
What is the thousands digit of 112098?
2
What is the tens digit of 2049?
4
What is the units digit of 3389?
9
What is the thousands digit of 1692?
1
What is the units digit of 1188?
8
What is the hundreds digit of 334?
3
What is the units digit of 9351?
1
What is the tens digit of 39069?
6
What is the ten thousands digit of 44617?
4
What is the tens digit of 44108?
0
What is the hundreds digit of 200?
2
What is the thousands digit of 29489?
9
What is the units digit of 35556?
6
What is the units digit of 310?
0
What is the tens digit of 274?
7
What is the ten thousands digit of 11566?
1
What is the hundreds digit of 573?
5
What is the hundreds digit of 10626?
6
What is the tens digit of 2761?
6
What is the ten thousands digit of 53831?
5
What is the thousands digit of 1015?
1
What is the hundreds digit of 8081?
0
What is the thousands digit of 1380?
1
What is the ten thousands digit of 19339?
1
What is the tens digit of 766?
6
What is the tens digit of 1344?
4
What is the thousands digit of 2497?
2
What is the tens digit of 20334?
3
What is the units digit of 1649?
9
What is the thousands digit of 1289?
1
What is the tens digit of 16214?
1
What is the tens digit of 533?
3
What is the hundreds digit of 89609?
6
What is the tens digit of 494?
9
What is the hundreds digit of 348?
3
What is the tens digit of 12416?
1
What is the units digit of 1885?
5
What is the units digit of 5141?
1
What is the hundreds digit of 1369?
3
What is the units digit of 1652?
2
What is the tens digit of 197?
9
What is the thousands digit of 8789?
8
What is the units digit of 291?
1
What is the thousands digit of 1059?
1
What is the units digit of 1053?
3
What is the thousands digit of 4631?
4
What is the hundreds digit of 662?
6
What is the units digit of 26283?
3
What is the hundred thousands digit of 111789?
1
What is the units digit of 15583?
3
What is the hundreds digit of 684?
6
What is the thousands digit of 2308?
2
What is the units digit of 78381?
1
What is the tens digit of 612?
1
What is the units digit of 23901?
1
What is the tens digit of 425?
2
What is the hundreds digit of 778?
7
What is the thousands digit of 2655?
2
What is the hundreds digit of 1333?
3
What is the tens digit of 783?
8
What is the ten thousands digit of 69556?
6
What is the hundreds digit of 936?
9
What is the tens digit of 2415?
1
What is the thousands digit of 1242?
1
What is the tens digit of 14756?
5
What is the hundreds digit of 911?
9
What is the ten thousands digit of 39945?
3
What is the tens digit of 27840?
4
What is the tens digit of 837?
3
What is the thousands digit of 1917?
1
What is the tens digit of 315?
1
What is the hundreds digit of 2924?
9
What is the thousands digit of 1449?
1
What is the tens digit of 965?
6
What is the hundreds digit of 8760?
7
What is the hundreds digit of 788?
7
What is the tens digit of 156?
5
What is the tens digit of 280?
8
What is the tens digit of 38223?
2
What is the thousands digit of 84018?
4
What is the tens digit of 829?
2
What is the hundreds digit of 26115?
1
What is the tens digit of 1028?
2
What is the thousands digit of 1947?
1
What is the units digit of 2512?
2
What is the thousands digit of 44424?
4
What is the tens digit of 17121?
2
What is the hundreds digit of 444?
4
What is the units digit of 19914?
4
What is the ten thousands digit of 26855?
2
What is the hundreds digit of 7309?
3
What is the units digit of 1254?
4
What is the units digit of 1549?
9
What is the tens digit of 42132?
3
What is the ten thousands digit of 106143?
0
What is the units digit of 75?
5
What is the units digit of 38329?
9
What is the thousands digit of 32226?
2
What is the tens digit of 309?
0
What is the thousands digit of 5295?
5
What is the units digit of 53?
3
What is the tens digit of 39031?
3
What is the units digit of 18403?
3
What is the units digit of 21